ppose -2*f + 1910 = u*f. Is f a composite number?
True
Let k be 1/6 - 1077/(-18). Let f = k + -36. Suppose -20*c = -f*c + 18580. Is c prime?
False
Let r be 199542 - (0/(-2))/(-4). Suppose 22*y - r = -20*y. Is y a prime number?
True
Is (-127 + 0)*(9 + -10 + (-6096 - -6)) a prime number?
False
Suppose 4*f + 11*z - 42277 = 6*z, -2*f = z - 21143. Is f composite?
True
Let w = -3243 - -12830. Is w prime?
True
Suppose 0 = -18*n + 8*n - 4*n + 2899162. Is n prime?
False
Suppose 126*g = 345*g - 10159480 - 10821377. Is g composite?
False
Suppose 7*r - 11*r - 2*q + 52 = 0, 2*r = q + 30. Suppose -2106 = -r*z + 64212. Is z prime?
False
Suppose 5*a + 18 = 14*a. Is (30/(-30))/(a/(-3862)) prime?
True
Suppose 109120 - 4984 = -24*r. Is 7 + -16 - r - 3 a composite number?
False
Let t = -4765 - -13028. Is t a composite number?
False
Is (3/(6/57881))/(0 + 2/20) a prime number?
False
Suppose 2056*c = 2055*c + 639637. Is c*(-3)/(-57) - (-2)/(-19) prime?
False
Let t(l) = -3*l. Let p = -20 - -19. Let i be t(p). Suppose -4*h - i*a = -502, 5*h = 2*h + 2*a + 385. Is h a composite number?
False
Let i(g) = g**3 - 3*g**2 - 2*g + 7. Let o be i(-3). Let a = -94 - o. Let s = 106 + a. Is s prime?
True
Let v = -50 - -54. Let r be 571*(-1 + v)/(-3). Let w = r + 3024. Is w a prime number?
False
Let y = 16152 + -7713. Suppose 14*j - y = 19855. Is j composite?
True
Let x(g) = -g**2 - 15*g + 36. Let k be x(-16). Suppose 9*u - 13*u = -k. Suppose -411 = -r - 5*s, u*r + 542 = -5*s + 2517. Is r a prime number?
False
Let s(c) = 17*c - 6. Let q be s(3). Let b be ((-39)/q - -1) + (-290)/(-75). Suppose 0 = 5*j + b*i + i - 1585, j - 311 = i. Is j a prime number?
False
Let o = 98 + -100. Let q be o/((-4)/(-6) - 14288/21360). Let k = -235 + q. Is k a composite number?
True
Suppose 25*r = 33*r + 24. Is 1*(2/r + (-11825)/(-3)) a prime number?
False
Let g(n) = 5*n**3 - 61*n**2 + 251*n + 105. Is g(32) a composite number?
True
Suppose -t = 3, -j - t = -2*j + 524. Suppose -5*u + 4*s - 336 = 0, 9*u + 73 = 8*u - 5*s. Let r = j + u. Is r composite?
True
Let y be 8/(-28) - (-111)/21. Suppose y = 2*n - 19. Is -3*(7336/n)/(-2) a prime number?
False
Suppose -45*d = -42*d. Let i be (-8)/(((-1)/(-2))/(-1)). Suppose d = -4*y + i, -b + y - 4*y + 83 = 0. Is b composite?
False
Let g(b) be the second derivative of -31*b**3/2 - b**2/2 + 4*b. Let o be g(-2). Suppose -8*d - o = -9*d. Is d prime?
False
Let v(x) = 299*x**2 - 3*x - 2*x - 2*x + 9. Let s = -9595 - -9597. Is v(s) prime?
False
Suppose -15 = -3*b, -2*b - 6 = c - 16. Is (5/10 - c)*110486 a prime number?
True
Suppose 16*b + 15*b - 559271 = 0. Let r = b - 11424. Is r composite?
True
Let a(h) = h**2 - 4*h - 2. Let w be a(6). Let f(l) = 17 + 3*l**3 - 30*l + 21*l + w*l. Is f(8) a composite number?
True
Suppose -v + 61197 = 4*x, 0*v + 2*v + 2*x - 122424 = 0. Suppose -23*t + 10*t + v = 0. Is t prime?
False
Suppose 0 = u - 2*u + 856. Suppose q = 2*q + 3*o - 227, -4*q + o + u = 0. Suppose s = q + 38. Is s a prime number?
False
Suppose 0 = v + 3, -5*p - 4*v + 0*v = 32. Is 6257376/(-216)*3/p composite?
False
Let d be (-25)/(-4) - (76/(-16))/(-19). Is ((-41956)/51)/((-4)/d) prime?
False
Suppose -3*c + 7738 = -3*m - 3323, 5*m = -4*c - 18444. Let q = m + 5450. Is q composite?
True
Suppose -3*m = 9 - 6, 3*v + 5*m = -14. Is 4/(4/v)*(4 + -1427) a composite number?
True
Suppose 2*y - 119052 = -5*n + 381319, -1 = -n. Is y composite?
True
Let u(c) = -1469*c - 69. Let z(q) = -1470*q - 67. Let i(l) = 6*u(l) - 5*z(l). Is i(-5) composite?
True
Let h(n) = -n**3 - 14*n**2 - 91*n - 77. Is h(-37) prime?
False
Let y(s) = 2166*s**2 - 14*s + 2. Let t be y(4). Suppose 0 = 9*r - 5052 - t. Is r prime?
False
Is 6434670/136 + 37 - 2/(-8) prime?
True
Let z = -256 - -285. Suppose 25*n - z*n = -17692. Is n a prime number?
True
Suppose s - 2*z = 446449, -734 = 2*z - 726. Is s a composite number?
False
Let x be 5*(-7)/(-105)*9. Suppose x*a - 6892 = 2003. Is a a composite number?
True
Let x be (-13)/52 + 755065/20. Let c = x + -21258. Is c composite?
True
Suppose 1397616 + 1568958 = 20*s - 480886. Is s a prime number?
True
Let c be (-3 - (-47)/15) + (-2773)/(-15). Suppose -1057 = -4*z + v, -2*z + 351 = 2*v - c. Is z a composite number?
True
Suppose -8*u - 69*u + 19053929 = -10*u. Is u composite?
False
Let a = 1809 + 313. Is (-17)/119 + (a/(-7))/(-1) a prime number?
False
Let f be 5 + (-7)/(28/(-36)). Suppose -f*r + 52581 = -9*r - 2*w, -5*w + 10527 = r. Is r a composite number?
True
Let r(k) = -15*k**3 + 14*k**2 + 26*k + 50. Let o(p) = 5*p**3 - 5*p**2 - 9*p - 16. Let n(v) = 7*o(v) + 2*r(v). Is n(7) a composite number?
False
Is 1623*(-8)/24*-13 prime?
False
Suppose -3*o - 72 = -99. Suppose -328 = -o*h + 12353. Is h composite?
False
Suppose -y - 4*u = 26 - 6, -2*y - 4*u = 20. Let q(o) = 4*o + 139. Let x(a) = -10*a - 296. Let s(w) = 9*q(w) + 4*x(w). Is s(y) prime?
True
Suppose -5*o - 4*s + 19302 = 3499, 0 = -4*s - 12. Is o composite?
False
Suppose -1 - 30 = -4*k + 3*d, -d = 1. Let o(z) = 35*z - 10. Let m be o(k). Suppose -4*p = -1153 - m. Is p a composite number?
False
Suppose -238*h + 54 = -244*h. Is 15/20*(3139 - h) prime?
False
Suppose 2701799 = 3*o - 2*b, -o + 9*b + 900594 = 14*b. Is o composite?
True
Suppose -3*o = q - 4736, 9432 = 2*q - 7*o + 5*o. Is q a composite number?
False
Let a = -47758 - -176379. Is a composite?
False
Let x(c) = 52530*c + 2113. Is x(8) a prime number?
True
Let g = 754076 + -482817. Is g a composite number?
True
Let v = -59 + 69. Let b(x) = -16 - 5*x + 4*x + v + 26. Is b(9) a composite number?
False
Suppose -v - 3*p = -4*v + 159, 5*v - 269 = p. Suppose -v*x = -55*x + 1793. Is x a composite number?
True
Suppose 3*a + 221 - 594 = c, 0 = c + 5*a + 333. Suppose 1261*w = 1224*w + 79809. Let i = c + w. Is i a prime number?
False
Let b(a) = -a**2 - 5*a + 24. Let c be b(-7). Let n be ((-1524)/24)/((-1)/c). Suppose -2*u + i = -u - n, -3*u = -5*i - 1913. Is u a prime number?
True
Suppose 141*u - 2755967 + 120485 = 2406537. Is u a composite number?
False
Suppose 3*z + 6 = -f, -6 = f + 2*z - 4*z. Is ((-80928)/f)/3 + 3 prime?
False
Is (4 - (-12 - -5)) + 462912 + -4 composite?
True
Let o = 578022 + -398389. Is o composite?
False
Suppose 3*w + 2*w + 905 = 0. Let v = 336 + w. Is v/3 - 4/(-3) a composite number?
False
Let q = -2748 + 7052. Suppose 2674 = -m - q. Is m/4*(-2)/3 a prime number?
True
Let v(h) = -2*h**3 - 6*h**2 - 15*h - 8. Let c(a) = -3*a**3 - 12*a**2 - 30*a - 15. Let q(b) = -3*c(b) + 7*v(b). Is q(-6) a prime number?
False
Let q(t) = 788*t**2 + 225*t + 2135. Is q(-10) composite?
True
Let o(u) = -3*u**3 + 17*u**2 - 6*u. Let p be o(5). Is -3 - (-1462 - p/(-4)) composite?
True
Let y(q) = 139*q - 93. Let l be y(6). Let i = 1187 - l. Is i a composite number?
True
Let b(g) = 49181*g**3 - 10*g**2 + 17*g - 5. Is b(1) prime?
False
Suppose 4*l + 68 - 36 = 0. Is (80/l)/5*62/(-4) a composite number?
False
Let g = -28172 - -617549. Is g prime?
False
Is 4 + 308502 - (25 + -34) a prime number?
False
Suppose -22*y = -17*y - 58740. Let n = y + -1807. Is n prime?
True
Suppose 0 = -3*c - 5*h + 5, -2*c - 3*h + 9 = c. Suppose c*q + 126 = 3*j - 445, q - 769 = -4*j. Let b = j - -659. Is b a prime number?
False
Let g = 134 + -150. Is (-6 - -10)*(-24980)/g a prime number?
False
Let r(s) = s**2 + 3*s + 5. Let b be r(-2). Suppose -b*p - 2 = -4*x, -6*x + 2*x + 18 = 5*p. Suppose x*y - 4298 = -5*y. Is y a prime number?
False
Let h(w) = 26*w**3 + 23*w**2 - 132*w - 14. Is h(17) prime?
False
Suppose -5 = -6*f + 5*f. Suppose -h + f*p + 46 = -1224, 3*h = 5*p + 3780. Is h prime?
False
Suppose -4*g - 385 + 369 = 0, 0 = 5*x + g - 8601. Is x a composite number?
False
Let d = 149 + -297. Is (201021/d)/((-3)/8) a prime number?
False
Let j(a) = 1409*a + 1619. Is j(10) prime?
False
Suppose 0*j = 4*l + 5*j - 8, 2*l = j + 4. Suppose 0 = -l*t + y + 17005, y + 8486 = t + 6*y. Is t composite?
False
Suppose 21*o = 55*o - 170. Suppose 0 = -o*p + 2*f + 10655, 0 = 4*p - 2*f + 1675 - 10201. Is p composite?
False
Let n(z) = 1 + 12*z + 2 + 8*z**2 - 8*z**2 + z**2. Let o be n(-12). Is (-1)/(((-2)/2202*o)/1) a composite number?
False
Let l(i) = 75*i**2 - 777*i + 421. Is l(-98) composite?
False
Let v(g) = 1810*g**3 + g**2. Let i = -516 - -517. Is v(i) a prime number?
True
Let r(c) be the second derivative of 7*c**5/20 - c**4/12 - c**